{"version":"1.0","provider_name":"le site de Thierry Groensteen","provider_url":"https:\/\/www.thierry-groensteen.fr","author_name":"TG","author_url":"https:\/\/www.thierry-groensteen.fr\/index.php\/author\/admin5797\/","title":"Toute la BD dans une expo ? - le site de Thierry Groensteen","type":"rich","width":600,"height":338,"html":"<blockquote class=\"wp-embedded-content\" data-secret=\"O2mLFEWy65\"><a href=\"https:\/\/www.thierry-groensteen.fr\/index.php\/2026\/03\/17\/toute-la-bd-dans-une-expo\/\">Toute la BD dans une expo ?<\/a><\/blockquote><iframe sandbox=\"allow-scripts\" security=\"restricted\" src=\"https:\/\/www.thierry-groensteen.fr\/index.php\/2026\/03\/17\/toute-la-bd-dans-une-expo\/embed\/#?secret=O2mLFEWy65\" width=\"600\" height=\"338\" title=\"\u00ab\u00a0Toute la BD dans une expo ?\u00a0\u00bb &#8212; le site de Thierry Groensteen\" data-secret=\"O2mLFEWy65\" frameborder=\"0\" marginwidth=\"0\" marginheight=\"0\" scrolling=\"no\" class=\"wp-embedded-content\"><\/iframe><script type=\"text\/javascript\">\n\/* <![CDATA[ *\/\n\/*! This file is auto-generated *\/\n!function(d,l){\"use strict\";l.querySelector&&d.addEventListener&&\"undefined\"!=typeof URL&&(d.wp=d.wp||{},d.wp.receiveEmbedMessage||(d.wp.receiveEmbedMessage=function(e){var t=e.data;if((t||t.secret||t.message||t.value)&&!\/[^a-zA-Z0-9]\/.test(t.secret)){for(var s,r,n,a=l.querySelectorAll('iframe[data-secret=\"'+t.secret+'\"]'),o=l.querySelectorAll('blockquote[data-secret=\"'+t.secret+'\"]'),c=new RegExp(\"^https?:$\",\"i\"),i=0;i<o.length;i++)o[i].style.display=\"none\";for(i=0;i<a.length;i++)s=a[i],e.source===s.contentWindow&&(s.removeAttribute(\"style\"),\"height\"===t.message?(1e3<(r=parseInt(t.value,10))?r=1e3:~~r<200&&(r=200),s.height=r):\"link\"===t.message&&(r=new URL(s.getAttribute(\"src\")),n=new URL(t.value),c.test(n.protocol))&&n.host===r.host&&l.activeElement===s&&(d.top.location.href=t.value))}},d.addEventListener(\"message\",d.wp.receiveEmbedMessage,!1),l.addEventListener(\"DOMContentLoaded\",function(){for(var e,t,s=l.querySelectorAll(\"iframe.wp-embedded-content\"),r=0;r<s.length;r++)(t=(e=s[r]).getAttribute(\"data-secret\"))||(t=Math.random().toString(36).substring(2,12),e.src+=\"#?secret=\"+t,e.setAttribute(\"data-secret\",t)),e.contentWindow.postMessage({message:\"ready\",secret:t},\"*\")},!1)))}(window,document);\n\/\/# sourceURL=https:\/\/www.thierry-groensteen.fr\/wp-includes\/js\/wp-embed.min.js\n\/* ]]> *\/\n<\/script>\n","thumbnail_url":"https:\/\/www.thierry-groensteen.fr\/wp-content\/uploads\/2026\/03\/Grenoble-2-scaled-e1773671775198.jpeg","thumbnail_width":2560,"thumbnail_height":1173,"description":"On pensait que, les expositions de bande dessin\u00e9e \u00e9tant toujours plus nombreuses, l\u2019ambition, assur\u00e9ment d\u00e9raisonnable, de pr\u00e9senter \u00ab toute la bande dessin\u00e9e \u00bb en un m\u00eame lieu n\u2019aurait plus cours. C\u2019est pourtant ce que semblent se proposer, chacune \u00e0 leur mani\u00e8re, deux expositions encore en cours \u00e0 l\u2019heure o\u00f9 j\u2019\u00e9cris. Certes, celle qu\u2019abrite, depuis [&hellip;]"}

On pensait que, les expositions de bande dessinée étant toujours plus nombreuses, l’ambition, assurément déraisonnable, de présenter « toute la bande dessinée » en un même lieu n’aurait plus cours. C’est pourtant ce que semblent se proposer, chacune à leur manière, deux expositions encore en cours à l’heure où j’écris. Certes, celle qu’abrite, depuis [&hellip;]
