{"version":"1.0","provider_name":"le site de Thierry Groensteen","provider_url":"https:\/\/www.thierry-groensteen.fr","author_name":"TG","author_url":"https:\/\/www.thierry-groensteen.fr\/index.php\/author\/admin5797\/","title":"La Loire dans tous ses \u00e9tats - le site de Thierry Groensteen","type":"rich","width":600,"height":338,"html":"<blockquote class=\"wp-embedded-content\" data-secret=\"Cr3HuRAQrj\"><a href=\"https:\/\/www.thierry-groensteen.fr\/index.php\/2025\/06\/18\/la-loire-dans-tous-ses-etats\/\">La Loire dans tous ses \u00e9tats<\/a><\/blockquote><iframe sandbox=\"allow-scripts\" security=\"restricted\" src=\"https:\/\/www.thierry-groensteen.fr\/index.php\/2025\/06\/18\/la-loire-dans-tous-ses-etats\/embed\/#?secret=Cr3HuRAQrj\" width=\"600\" height=\"338\" title=\"\u00ab\u00a0La Loire dans tous ses \u00e9tats\u00a0\u00bb &#8212; le site de Thierry Groensteen\" data-secret=\"Cr3HuRAQrj\" frameborder=\"0\" marginwidth=\"0\" marginheight=\"0\" scrolling=\"no\" class=\"wp-embedded-content\"><\/iframe><script type=\"text\/javascript\">\n\/* <![CDATA[ *\/\n\/*! This file is auto-generated *\/\n!function(d,l){\"use strict\";l.querySelector&&d.addEventListener&&\"undefined\"!=typeof URL&&(d.wp=d.wp||{},d.wp.receiveEmbedMessage||(d.wp.receiveEmbedMessage=function(e){var t=e.data;if((t||t.secret||t.message||t.value)&&!\/[^a-zA-Z0-9]\/.test(t.secret)){for(var s,r,n,a=l.querySelectorAll('iframe[data-secret=\"'+t.secret+'\"]'),o=l.querySelectorAll('blockquote[data-secret=\"'+t.secret+'\"]'),c=new RegExp(\"^https?:$\",\"i\"),i=0;i<o.length;i++)o[i].style.display=\"none\";for(i=0;i<a.length;i++)s=a[i],e.source===s.contentWindow&&(s.removeAttribute(\"style\"),\"height\"===t.message?(1e3<(r=parseInt(t.value,10))?r=1e3:~~r<200&&(r=200),s.height=r):\"link\"===t.message&&(r=new URL(s.getAttribute(\"src\")),n=new URL(t.value),c.test(n.protocol))&&n.host===r.host&&l.activeElement===s&&(d.top.location.href=t.value))}},d.addEventListener(\"message\",d.wp.receiveEmbedMessage,!1),l.addEventListener(\"DOMContentLoaded\",function(){for(var e,t,s=l.querySelectorAll(\"iframe.wp-embedded-content\"),r=0;r<s.length;r++)(t=(e=s[r]).getAttribute(\"data-secret\"))||(t=Math.random().toString(36).substring(2,12),e.src+=\"#?secret=\"+t,e.setAttribute(\"data-secret\",t)),e.contentWindow.postMessage({message:\"ready\",secret:t},\"*\")},!1)))}(window,document);\n\/\/# sourceURL=https:\/\/www.thierry-groensteen.fr\/wp-includes\/js\/wp-embed.min.js\n\/* ]]> *\/\n<\/script>\n","thumbnail_url":"https:\/\/www.thierry-groensteen.fr\/wp-content\/uploads\/2025\/06\/couve-303-e1750248367686.jpeg","thumbnail_width":1712,"thumbnail_height":783,"description":"Les albums collectifs n\u2019ont plus la cote. Nagu\u00e8re, il en paraissait de fa\u00e7on r\u00e9guli\u00e8re, sur des th\u00e8mes soci\u00e9taux comme le Sida, les droits de l\u2019homme ou la banlieue. Des dessinateurs se rassemblaient pour \u00e9voquer un pays (l\u2019Alg\u00e9rie, la Birmanie), au terme, quelquefois, de r\u00e9sidences crois\u00e9es (voir L\u2019Association au Mexique, \u2026 en \u00c9gypte ou \u2026 [&hellip;]"}

La Loire dans tous ses états - le site de Thierry Groensteen

<blockquote class="wp-embedded-content" data-secret="Cr3HuRAQrj"><a href="https://www.thierry-groensteen.fr/index.php/2025/06/18/la-loire-dans-tous-ses-etats/">La Loire dans tous ses états</a></blockquote><iframe sandbox="allow-scripts" security="restricted" src="https://www.thierry-groensteen.fr/index.php/2025/06/18/la-loire-dans-tous-ses-etats/embed/#?secret=Cr3HuRAQrj" width="600" height="338" title="« La Loire dans tous ses états » &#8212; le site de Thierry Groensteen" data-secret="Cr3HuRAQrj" frameborder="0" marginwidth="0" marginheight="0" scrolling="no" class="wp-embedded-content"></iframe><script type="text/javascript">
/* <![CDATA[ */
/*! This file is auto-generated */
!function(d,l){"use strict";l.querySelector&&d.addEventListener&&"undefined"!=typeof URL&&(d.wp=d.wp||{},d.wp.receiveEmbedMessage||(d.wp.receiveEmbedMessage=function(e){var t=e.data;if((t||t.secret||t.message||t.value)&&!/[^a-zA-Z0-9]/.test(t.secret)){for(var s,r,n,a=l.querySelectorAll('iframe[data-secret="'+t.secret+'"]'),o=l.querySelectorAll('blockquote[data-secret="'+t.secret+'"]'),c=new RegExp("^https?:$","i"),i=0;i<o.length;i++)o[i].style.display="none";for(i=0;i<a.length;i++)s=a[i],e.source===s.contentWindow&&(s.removeAttribute("style"),"height"===t.message?(1e3<(r=parseInt(t.value,10))?r=1e3:~~r<200&&(r=200),s.height=r):"link"===t.message&&(r=new URL(s.getAttribute("src")),n=new URL(t.value),c.test(n.protocol))&&n.host===r.host&&l.activeElement===s&&(d.top.location.href=t.value))}},d.addEventListener("message",d.wp.receiveEmbedMessage,!1),l.addEventListener("DOMContentLoaded",function(){for(var e,t,s=l.querySelectorAll("iframe.wp-embedded-content"),r=0;r<s.length;r++)(t=(e=s[r]).getAttribute("data-secret"))||(t=Math.random().toString(36).substring(2,12),e.src+="#?secret="+t,e.setAttribute("data-secret",t)),e.contentWindow.postMessage({message:"ready",secret:t},"*")},!1)))}(window,document);
//# sourceURL=https://www.thierry-groensteen.fr/wp-includes/js/wp-embed.min.js
/* ]]> */
</script>

Les albums collectifs n’ont plus la cote. Naguère, il en paraissait de façon régulière, sur des thèmes sociétaux comme le Sida, les droits de l’homme ou la banlieue. Des dessinateurs se rassemblaient pour évoquer un pays (l’Algérie, la Birmanie), au terme, quelquefois, de résidences croisées (voir L’Association au Mexique, … en Égypte ou … [&hellip;]
