{"version":"1.0","provider_name":"le site de Thierry Groensteen","provider_url":"https:\/\/www.thierry-groensteen.fr","author_name":"TG","author_url":"https:\/\/www.thierry-groensteen.fr\/index.php\/author\/admin5797\/","title":"Le travail de m\u00e9moire de Pascal Matthey - le site de Thierry Groensteen","type":"rich","width":600,"height":338,"html":"<blockquote class=\"wp-embedded-content\" data-secret=\"ycIHzuawUB\"><a href=\"https:\/\/www.thierry-groensteen.fr\/index.php\/2025\/05\/10\/le-travail-de-memoire-de-pascal-matthey\/\">Le travail de m\u00e9moire de Pascal Matthey<\/a><\/blockquote><iframe sandbox=\"allow-scripts\" security=\"restricted\" src=\"https:\/\/www.thierry-groensteen.fr\/index.php\/2025\/05\/10\/le-travail-de-memoire-de-pascal-matthey\/embed\/#?secret=ycIHzuawUB\" width=\"600\" height=\"338\" title=\"\u00ab\u00a0Le travail de m\u00e9moire de Pascal Matthey\u00a0\u00bb &#8212; le site de Thierry Groensteen\" data-secret=\"ycIHzuawUB\" frameborder=\"0\" marginwidth=\"0\" marginheight=\"0\" scrolling=\"no\" class=\"wp-embedded-content\"><\/iframe><script type=\"text\/javascript\">\n\/* <![CDATA[ *\/\n\/*! This file is auto-generated *\/\n!function(d,l){\"use strict\";l.querySelector&&d.addEventListener&&\"undefined\"!=typeof URL&&(d.wp=d.wp||{},d.wp.receiveEmbedMessage||(d.wp.receiveEmbedMessage=function(e){var t=e.data;if((t||t.secret||t.message||t.value)&&!\/[^a-zA-Z0-9]\/.test(t.secret)){for(var s,r,n,a=l.querySelectorAll('iframe[data-secret=\"'+t.secret+'\"]'),o=l.querySelectorAll('blockquote[data-secret=\"'+t.secret+'\"]'),c=new RegExp(\"^https?:$\",\"i\"),i=0;i<o.length;i++)o[i].style.display=\"none\";for(i=0;i<a.length;i++)s=a[i],e.source===s.contentWindow&&(s.removeAttribute(\"style\"),\"height\"===t.message?(1e3<(r=parseInt(t.value,10))?r=1e3:~~r<200&&(r=200),s.height=r):\"link\"===t.message&&(r=new URL(s.getAttribute(\"src\")),n=new URL(t.value),c.test(n.protocol))&&n.host===r.host&&l.activeElement===s&&(d.top.location.href=t.value))}},d.addEventListener(\"message\",d.wp.receiveEmbedMessage,!1),l.addEventListener(\"DOMContentLoaded\",function(){for(var e,t,s=l.querySelectorAll(\"iframe.wp-embedded-content\"),r=0;r<s.length;r++)(t=(e=s[r]).getAttribute(\"data-secret\"))||(t=Math.random().toString(36).substring(2,12),e.src+=\"#?secret=\"+t,e.setAttribute(\"data-secret\",t)),e.contentWindow.postMessage({message:\"ready\",secret:t},\"*\")},!1)))}(window,document);\n\/\/# sourceURL=https:\/\/www.thierry-groensteen.fr\/wp-includes\/js\/wp-embed.min.js\n\/* ]]> *\/\n<\/script>\n","thumbnail_url":"https:\/\/www.thierry-groensteen.fr\/wp-content\/uploads\/2025\/05\/bandeau-Matthey-e1746780887828.jpg","thumbnail_width":1635,"thumbnail_height":750,"description":"C\u2019est un auteur rare. Du pain blanc et du chocolat est son sixi\u00e8me livre en plus de vingt ans d\u2019activit\u00e9, et le pr\u00e9c\u00e9dent (Les T\u00eatards) remontait \u00e0 2016. Pourtant ce n\u2019est pas comme si ce nouvel opus t\u00e9moignait d\u2019une profonde remise en question\u00a0: au contraire, Pascal Matthey continue, depuis ses d\u00e9buts, de creuser le [&hellip;]"}

Le travail de mémoire de Pascal Matthey - le site de Thierry Groensteen

<blockquote class="wp-embedded-content" data-secret="ycIHzuawUB"><a href="https://www.thierry-groensteen.fr/index.php/2025/05/10/le-travail-de-memoire-de-pascal-matthey/">Le travail de mémoire de Pascal Matthey</a></blockquote><iframe sandbox="allow-scripts" security="restricted" src="https://www.thierry-groensteen.fr/index.php/2025/05/10/le-travail-de-memoire-de-pascal-matthey/embed/#?secret=ycIHzuawUB" width="600" height="338" title="« Le travail de mémoire de Pascal Matthey » &#8212; le site de Thierry Groensteen" data-secret="ycIHzuawUB" frameborder="0" marginwidth="0" marginheight="0" scrolling="no" class="wp-embedded-content"></iframe><script type="text/javascript">
/* <![CDATA[ */
/*! This file is auto-generated */
!function(d,l){"use strict";l.querySelector&&d.addEventListener&&"undefined"!=typeof URL&&(d.wp=d.wp||{},d.wp.receiveEmbedMessage||(d.wp.receiveEmbedMessage=function(e){var t=e.data;if((t||t.secret||t.message||t.value)&&!/[^a-zA-Z0-9]/.test(t.secret)){for(var s,r,n,a=l.querySelectorAll('iframe[data-secret="'+t.secret+'"]'),o=l.querySelectorAll('blockquote[data-secret="'+t.secret+'"]'),c=new RegExp("^https?:$","i"),i=0;i<o.length;i++)o[i].style.display="none";for(i=0;i<a.length;i++)s=a[i],e.source===s.contentWindow&&(s.removeAttribute("style"),"height"===t.message?(1e3<(r=parseInt(t.value,10))?r=1e3:~~r<200&&(r=200),s.height=r):"link"===t.message&&(r=new URL(s.getAttribute("src")),n=new URL(t.value),c.test(n.protocol))&&n.host===r.host&&l.activeElement===s&&(d.top.location.href=t.value))}},d.addEventListener("message",d.wp.receiveEmbedMessage,!1),l.addEventListener("DOMContentLoaded",function(){for(var e,t,s=l.querySelectorAll("iframe.wp-embedded-content"),r=0;r<s.length;r++)(t=(e=s[r]).getAttribute("data-secret"))||(t=Math.random().toString(36).substring(2,12),e.src+="#?secret="+t,e.setAttribute("data-secret",t)),e.contentWindow.postMessage({message:"ready",secret:t},"*")},!1)))}(window,document);
//# sourceURL=https://www.thierry-groensteen.fr/wp-includes/js/wp-embed.min.js
/* ]]> */
</script>

C’est un auteur rare. Du pain blanc et du chocolat est son sixième livre en plus de vingt ans d’activité, et le précédent (Les Têtards) remontait à 2016. Pourtant ce n’est pas comme si ce nouvel opus témoignait d’une profonde remise en question : au contraire, Pascal Matthey continue, depuis ses débuts, de creuser le [&hellip;]
