{"version":"1.0","provider_name":"le site de Thierry Groensteen","provider_url":"https:\/\/www.thierry-groensteen.fr","author_name":"TG","author_url":"https:\/\/www.thierry-groensteen.fr\/index.php\/author\/admin5797\/","title":"Faut-il s\u2019armer ? - le site de Thierry Groensteen","type":"rich","width":600,"height":338,"html":"<blockquote class=\"wp-embedded-content\" data-secret=\"4iQM2Gfk8J\"><a href=\"https:\/\/www.thierry-groensteen.fr\/index.php\/2025\/03\/02\/faut-il-sarmer\/\">Faut-il s\u2019armer ?<\/a><\/blockquote><iframe sandbox=\"allow-scripts\" security=\"restricted\" src=\"https:\/\/www.thierry-groensteen.fr\/index.php\/2025\/03\/02\/faut-il-sarmer\/embed\/#?secret=4iQM2Gfk8J\" width=\"600\" height=\"338\" title=\"\u00ab\u00a0Faut-il s\u2019armer ?\u00a0\u00bb &#8212; le site de Thierry Groensteen\" data-secret=\"4iQM2Gfk8J\" frameborder=\"0\" marginwidth=\"0\" marginheight=\"0\" scrolling=\"no\" class=\"wp-embedded-content\"><\/iframe><script type=\"text\/javascript\">\n\/* <![CDATA[ *\/\n\/*! This file is auto-generated *\/\n!function(d,l){\"use strict\";l.querySelector&&d.addEventListener&&\"undefined\"!=typeof URL&&(d.wp=d.wp||{},d.wp.receiveEmbedMessage||(d.wp.receiveEmbedMessage=function(e){var t=e.data;if((t||t.secret||t.message||t.value)&&!\/[^a-zA-Z0-9]\/.test(t.secret)){for(var s,r,n,a=l.querySelectorAll('iframe[data-secret=\"'+t.secret+'\"]'),o=l.querySelectorAll('blockquote[data-secret=\"'+t.secret+'\"]'),c=new RegExp(\"^https?:$\",\"i\"),i=0;i<o.length;i++)o[i].style.display=\"none\";for(i=0;i<a.length;i++)s=a[i],e.source===s.contentWindow&&(s.removeAttribute(\"style\"),\"height\"===t.message?(1e3<(r=parseInt(t.value,10))?r=1e3:~~r<200&&(r=200),s.height=r):\"link\"===t.message&&(r=new URL(s.getAttribute(\"src\")),n=new URL(t.value),c.test(n.protocol))&&n.host===r.host&&l.activeElement===s&&(d.top.location.href=t.value))}},d.addEventListener(\"message\",d.wp.receiveEmbedMessage,!1),l.addEventListener(\"DOMContentLoaded\",function(){for(var e,t,s=l.querySelectorAll(\"iframe.wp-embedded-content\"),r=0;r<s.length;r++)(t=(e=s[r]).getAttribute(\"data-secret\"))||(t=Math.random().toString(36).substring(2,12),e.src+=\"#?secret=\"+t,e.setAttribute(\"data-secret\",t)),e.contentWindow.postMessage({message:\"ready\",secret:t},\"*\")},!1)))}(window,document);\n\/\/# sourceURL=https:\/\/www.thierry-groensteen.fr\/wp-includes\/js\/wp-embed.min.js\n\/* ]]> *\/\n<\/script>\n","thumbnail_url":"https:\/\/www.thierry-groensteen.fr\/wp-content\/uploads\/2025\/02\/couve-Should-we-buy-e1740646376477.jpg","thumbnail_width":1144,"thumbnail_height":526,"description":"Je n\u2019ai gu\u00e8re le temps, ces jours-ci, de me consacrer \u00e0 ce blog, et les deux ou trois sujets sur lesquels j\u2019avais pr\u00e9vu d\u2019\u00e9crire devront attendre. Pour ne pas \u00eatre compl\u00e8tement absent, je prends quelques minutes afin de vous pr\u00e9senter un roman graphique r\u00e9cemment publi\u00e9 aux \u00c9tats-Unis sous la marque Seriocomics, qui concerne l\u2019un [&hellip;]"}

Je n’ai guère le temps, ces jours-ci, de me consacrer à ce blog, et les deux ou trois sujets sur lesquels j’avais prévu d’écrire devront attendre. Pour ne pas être complètement absent, je prends quelques minutes afin de vous présenter un roman graphique récemment publié aux États-Unis sous la marque Seriocomics, qui concerne l’un [&hellip;]
