{"version":"1.0","provider_name":"le site de Thierry Groensteen","provider_url":"https:\/\/www.thierry-groensteen.fr","author_name":"TG","author_url":"https:\/\/www.thierry-groensteen.fr\/index.php\/author\/admin5797\/","title":"Les nouvelles ambitions d\u2019\u00ab Aline \u00bb - le site de Thierry Groensteen","type":"rich","width":600,"height":338,"html":"<blockquote class=\"wp-embedded-content\" data-secret=\"AxdnRwQH0r\"><a href=\"https:\/\/www.thierry-groensteen.fr\/index.php\/2025\/02\/24\/les-nouvelles-ambitions-daline\/\">Les nouvelles ambitions d\u2019\u00ab Aline \u00bb<\/a><\/blockquote><iframe sandbox=\"allow-scripts\" security=\"restricted\" src=\"https:\/\/www.thierry-groensteen.fr\/index.php\/2025\/02\/24\/les-nouvelles-ambitions-daline\/embed\/#?secret=AxdnRwQH0r\" width=\"600\" height=\"338\" title=\"\u00ab\u00a0Les nouvelles ambitions d\u2019\u00ab Aline \u00bb\u00a0\u00bb &#8212; le site de Thierry Groensteen\" data-secret=\"AxdnRwQH0r\" frameborder=\"0\" marginwidth=\"0\" marginheight=\"0\" scrolling=\"no\" class=\"wp-embedded-content\"><\/iframe><script type=\"text\/javascript\">\n\/* <![CDATA[ *\/\n\/*! This file is auto-generated *\/\n!function(d,l){\"use strict\";l.querySelector&&d.addEventListener&&\"undefined\"!=typeof URL&&(d.wp=d.wp||{},d.wp.receiveEmbedMessage||(d.wp.receiveEmbedMessage=function(e){var t=e.data;if((t||t.secret||t.message||t.value)&&!\/[^a-zA-Z0-9]\/.test(t.secret)){for(var s,r,n,a=l.querySelectorAll('iframe[data-secret=\"'+t.secret+'\"]'),o=l.querySelectorAll('blockquote[data-secret=\"'+t.secret+'\"]'),c=new RegExp(\"^https?:$\",\"i\"),i=0;i<o.length;i++)o[i].style.display=\"none\";for(i=0;i<a.length;i++)s=a[i],e.source===s.contentWindow&&(s.removeAttribute(\"style\"),\"height\"===t.message?(1e3<(r=parseInt(t.value,10))?r=1e3:~~r<200&&(r=200),s.height=r):\"link\"===t.message&&(r=new URL(s.getAttribute(\"src\")),n=new URL(t.value),c.test(n.protocol))&&n.host===r.host&&l.activeElement===s&&(d.top.location.href=t.value))}},d.addEventListener(\"message\",d.wp.receiveEmbedMessage,!1),l.addEventListener(\"DOMContentLoaded\",function(){for(var e,t,s=l.querySelectorAll(\"iframe.wp-embedded-content\"),r=0;r<s.length;r++)(t=(e=s[r]).getAttribute(\"data-secret\"))||(t=Math.random().toString(36).substring(2,12),e.src+=\"#?secret=\"+t,e.setAttribute(\"data-secret\",t)),e.contentWindow.postMessage({message:\"ready\",secret:t},\"*\")},!1)))}(window,document);\n\/\/# sourceURL=https:\/\/www.thierry-groensteen.fr\/wp-includes\/js\/wp-embed.min.js\n\/* ]]> *\/\n<\/script>\n","thumbnail_url":"https:\/\/www.thierry-groensteen.fr\/wp-content\/uploads\/2025\/02\/Aline-8-Birds-e1740127684507.jpg","thumbnail_width":1810,"thumbnail_height":828,"description":"Aline n\u2019est plus seulement le titre d\u2019une chanson de Christophe et d\u2019un film de Val\u00e9rie Lemercier, c\u2019est aussi celui d\u2019une revue de bande dessin\u00e9e de grand format publi\u00e9e irr\u00e9guli\u00e8rement \u00e0 Amsterdam depuis 2019. Elle avait \u00e9t\u00e9 lanc\u00e9e gr\u00e2ce \u00e0 une campagne de crowfunding et a connu la cons\u00e9cration \u00e0 Angoul\u00eame en janvier 2024 en [&hellip;]"}

Aline n’est plus seulement le titre d’une chanson de Christophe et d’un film de Valérie Lemercier, c’est aussi celui d’une revue de bande dessinée de grand format publiée irrégulièrement à Amsterdam depuis 2019. Elle avait été lancée grâce à une campagne de crowfunding et a connu la consécration à Angoulême en janvier 2024 en [&hellip;]
