{"version":"1.0","provider_name":"le site de Thierry Groensteen","provider_url":"https:\/\/www.thierry-groensteen.fr","author_name":"TG","author_url":"https:\/\/www.thierry-groensteen.fr\/index.php\/author\/admin5797\/","title":"Le point de vue du silence - le site de Thierry Groensteen","type":"rich","width":600,"height":338,"html":"<blockquote class=\"wp-embedded-content\" data-secret=\"7hNcpp86wp\"><a href=\"https:\/\/www.thierry-groensteen.fr\/index.php\/2025\/02\/19\/le-point-de-vue-du-silence\/\">Le point de vue du silence<\/a><\/blockquote><iframe sandbox=\"allow-scripts\" security=\"restricted\" src=\"https:\/\/www.thierry-groensteen.fr\/index.php\/2025\/02\/19\/le-point-de-vue-du-silence\/embed\/#?secret=7hNcpp86wp\" width=\"600\" height=\"338\" title=\"\u00ab\u00a0Le point de vue du silence\u00a0\u00bb &#8212; le site de Thierry Groensteen\" data-secret=\"7hNcpp86wp\" frameborder=\"0\" marginwidth=\"0\" marginheight=\"0\" scrolling=\"no\" class=\"wp-embedded-content\"><\/iframe><script type=\"text\/javascript\">\n\/* <![CDATA[ *\/\n\/*! This file is auto-generated *\/\n!function(d,l){\"use strict\";l.querySelector&&d.addEventListener&&\"undefined\"!=typeof URL&&(d.wp=d.wp||{},d.wp.receiveEmbedMessage||(d.wp.receiveEmbedMessage=function(e){var t=e.data;if((t||t.secret||t.message||t.value)&&!\/[^a-zA-Z0-9]\/.test(t.secret)){for(var s,r,n,a=l.querySelectorAll('iframe[data-secret=\"'+t.secret+'\"]'),o=l.querySelectorAll('blockquote[data-secret=\"'+t.secret+'\"]'),c=new RegExp(\"^https?:$\",\"i\"),i=0;i<o.length;i++)o[i].style.display=\"none\";for(i=0;i<a.length;i++)s=a[i],e.source===s.contentWindow&&(s.removeAttribute(\"style\"),\"height\"===t.message?(1e3<(r=parseInt(t.value,10))?r=1e3:~~r<200&&(r=200),s.height=r):\"link\"===t.message&&(r=new URL(s.getAttribute(\"src\")),n=new URL(t.value),c.test(n.protocol))&&n.host===r.host&&l.activeElement===s&&(d.top.location.href=t.value))}},d.addEventListener(\"message\",d.wp.receiveEmbedMessage,!1),l.addEventListener(\"DOMContentLoaded\",function(){for(var e,t,s=l.querySelectorAll(\"iframe.wp-embedded-content\"),r=0;r<s.length;r++)(t=(e=s[r]).getAttribute(\"data-secret\"))||(t=Math.random().toString(36).substring(2,12),e.src+=\"#?secret=\"+t,e.setAttribute(\"data-secret\",t)),e.contentWindow.postMessage({message:\"ready\",secret:t},\"*\")},!1)))}(window,document);\n\/\/# sourceURL=https:\/\/www.thierry-groensteen.fr\/wp-includes\/js\/wp-embed.min.js\n\/* ]]> *\/\n<\/script>\n","thumbnail_url":"https:\/\/www.thierry-groensteen.fr\/wp-content\/uploads\/2025\/02\/Asano-double-centrale-e1739523150316.jpg","thumbnail_width":1730,"thumbnail_height":790,"description":"L\u2019anthologie que l\u2019on m\u2019a recommand\u00e9e pour d\u00e9couvrir le travail du mangaka Inio Asano comporte douze histoires, dont la publication dans divers magazines japonais s\u2019est \u00e9chelonn\u00e9e de 2010 (Asano avait alors trente ans) \u00e0 2018. Si plusieurs de ces r\u00e9cits sont int\u00e9ressants \u00e0 diff\u00e9rents titres, mon attention a \u00e9t\u00e9 particuli\u00e8rement requise par Un homme doux, [&hellip;]"}

L’anthologie que l’on m’a recommandée pour découvrir le travail du mangaka Inio Asano comporte douze histoires, dont la publication dans divers magazines japonais s’est échelonnée de 2010 (Asano avait alors trente ans) à 2018. Si plusieurs de ces récits sont intéressants à différents titres, mon attention a été particulièrement requise par Un homme doux, [&hellip;]
