{"version":"1.0","provider_name":"le site de Thierry Groensteen","provider_url":"https:\/\/www.thierry-groensteen.fr","author_name":"TG","author_url":"https:\/\/www.thierry-groensteen.fr\/index.php\/author\/admin5797\/","title":"Retour aux Presses universitaires de France - le site de Thierry Groensteen","type":"rich","width":600,"height":338,"html":"<blockquote class=\"wp-embedded-content\" data-secret=\"0ffEWdkGfJ\"><a href=\"https:\/\/www.thierry-groensteen.fr\/index.php\/2024\/05\/21\/retour-aux-presses-universitaires-de-france\/\">Retour aux Presses universitaires de France<\/a><\/blockquote><iframe sandbox=\"allow-scripts\" security=\"restricted\" src=\"https:\/\/www.thierry-groensteen.fr\/index.php\/2024\/05\/21\/retour-aux-presses-universitaires-de-france\/embed\/#?secret=0ffEWdkGfJ\" width=\"600\" height=\"338\" title=\"\u00ab\u00a0Retour aux Presses universitaires de France\u00a0\u00bb &#8212; le site de Thierry Groensteen\" data-secret=\"0ffEWdkGfJ\" frameborder=\"0\" marginwidth=\"0\" marginheight=\"0\" scrolling=\"no\" class=\"wp-embedded-content\"><\/iframe><script type=\"text\/javascript\">\n\/* <![CDATA[ *\/\n\/*! This file is auto-generated *\/\n!function(d,l){\"use strict\";l.querySelector&&d.addEventListener&&\"undefined\"!=typeof URL&&(d.wp=d.wp||{},d.wp.receiveEmbedMessage||(d.wp.receiveEmbedMessage=function(e){var t=e.data;if((t||t.secret||t.message||t.value)&&!\/[^a-zA-Z0-9]\/.test(t.secret)){for(var s,r,n,a=l.querySelectorAll('iframe[data-secret=\"'+t.secret+'\"]'),o=l.querySelectorAll('blockquote[data-secret=\"'+t.secret+'\"]'),c=new RegExp(\"^https?:$\",\"i\"),i=0;i<o.length;i++)o[i].style.display=\"none\";for(i=0;i<a.length;i++)s=a[i],e.source===s.contentWindow&&(s.removeAttribute(\"style\"),\"height\"===t.message?(1e3<(r=parseInt(t.value,10))?r=1e3:~~r<200&&(r=200),s.height=r):\"link\"===t.message&&(r=new URL(s.getAttribute(\"src\")),n=new URL(t.value),c.test(n.protocol))&&n.host===r.host&&l.activeElement===s&&(d.top.location.href=t.value))}},d.addEventListener(\"message\",d.wp.receiveEmbedMessage,!1),l.addEventListener(\"DOMContentLoaded\",function(){for(var e,t,s=l.querySelectorAll(\"iframe.wp-embedded-content\"),r=0;r<s.length;r++)(t=(e=s[r]).getAttribute(\"data-secret\"))||(t=Math.random().toString(36).substring(2,12),e.src+=\"#?secret=\"+t,e.setAttribute(\"data-secret\",t)),e.contentWindow.postMessage({message:\"ready\",secret:t},\"*\")},!1)))}(window,document);\n\/\/# sourceURL=https:\/\/www.thierry-groensteen.fr\/wp-includes\/js\/wp-embed.min.js\n\/* ]]> *\/\n<\/script>\n","thumbnail_url":"https:\/\/www.thierry-groensteen.fr\/wp-content\/uploads\/2024\/03\/systeme-de-la-bande-dessinee-1-e1710091897820.jpg","thumbnail_width":800,"thumbnail_height":366,"description":"J\u2019annonce ici, en avant-premi\u00e8re, que, un quart de si\u00e8cle apr\u00e8s sa premi\u00e8re publication, une nouvelle \u00e9dition enti\u00e8rement revue et actualis\u00e9e de mon essai Syst\u00e8me de la bande dessin\u00e9e\u00a0para\u00eetra au d\u00e9but de l\u2019ann\u00e9e 2025. Toujours aux Presses universitaires de France, mais hors collection, et non plus dans la collection \u00ab\u00a0Formes s\u00e9miotiques\u00a0\u00bb d\u00e9sormais en sommeil. Ce [&hellip;]"}

J’annonce ici, en avant-première, que, un quart de siècle après sa première publication, une nouvelle édition entièrement revue et actualisée de mon essai Système de la bande dessinée paraîtra au début de l’année 2025. Toujours aux Presses universitaires de France, mais hors collection, et non plus dans la collection « Formes sémiotiques » désormais en sommeil. Ce [&hellip;]
